factors of n?
3, 7
Let m = 124 + -80. Let k = -23 + m. What are the prime factors of k?
3, 7
List the prime factors of 485/15 + 2/3.
3, 11
Suppose 0 = 3*c - 341 + 116. What are the prime factors of c?
3, 5
Suppose -21 - 139 = -4*w. What are the prime factors of w?
2, 5
Let r(f) = -6*f + 6. What are the prime factors of r(-7)?
2, 3
Let z(y) = y**2 + 2*y - 2. Suppose -k - k + 4 = 0. Suppose -k = -l + 1. List the prime factors of z(l).
13
Let v = 13 - 19. Let l(u) = -u**2 - 10*u + 5. What are the prime factors of l(v)?
29
Let p(b) = -b**3 + 14*b**2 - 7*b + 8. List the prime factors of p(6).
2, 127
Suppose 0 = i + 4*i - 4*w - 442, 5*w + 15 = 0. List the prime factors of i.
2, 43
List the prime factors of 3 + 40/2 + -1.
2, 11
Let z(f) be the first derivative of -11*f**2/2 - 7*f + 1. Let h be z(-5). Suppose -8*i = -4*i - h. What are the prime factors of i?
2, 3
Let l be 1/(-3)*(1 + 50). Let c = 19 - l. List the prime factors of c.
2, 3
Let z(c) = -5*c - 11. Let k(f) = 1. Let x(u) = 3*k(u) + z(u). List the prime factors of x(-8).
2
Suppose 0*n - 20 = -4*n. Let s(f) = f**3 + 3*f**2 - f - 3. Let b be s(-3). Suppose b = -g + 17 - n. What are the prime factors of g?
2, 3
Let v(m) = m**2 + 2*m + 4. Let u be v(-5). Suppose 5*o - r = -u, -2*o - 5 = -4*r + r. Let n(z) = -3*z - 2. List the prime factors of n(o).
2, 5
Let d(a) = -a**3 - 6*a**2 + 18*a + 2. List the prime factors of d(-10).
2, 3, 37
Let z = 35 + -14. List the prime factors of z.
3, 7
Suppose -4*x - 23 = 181. List the prime factors of (x/9)/(1/(-3)).
17
Let c = 33 + 4. List the prime factors of c.
37
Suppose -2*q = 3*w + 40, -2*q + 5*q - 15 = 3*w. Let l = -7 - w. Suppose 0 = -3*z - l*j, -4*j - 10 = z + z. What are the prime factors of z?
5
Let f be (-2)/9 + (-94)/(-18). Suppose l + 11 = -f*z + 26, -8 = -4*z. What are the prime factors of l?
5
Let z(p) = 2*p**3 - 11*p**2 + 16*p - 12. Let r(l) = -l**3 + 5*l**2 - 8*l + 6. Let c = -14 - -7. Let w(n) = c*r(n) - 4*z(n). What are the prime factors of w(8)?
2, 3
Suppose 5*o + 0*o - 260 = 0. What are the prime factors of o?
2, 13
Let a = 32 - -69. What are the prime factors of a?
101
Suppose 6*a = 10*a - 8. Let c = 0 + a. Suppose 0 = c*w + w - 12. List the prime factors of w.
2
Let w = 67 + -41. What are the prime factors of w?
2, 13
Suppose -32*s + 23*s + 1107 = 0. What are the prime factors of s?
3, 41
Let c = -5 - -7. Suppose 3*l = -5*s + 49, 24 = 5*l + c*s - 64. What are the prime factors of (-142)/(-9) - (-4)/l?
2
List the prime factors of ((-2)/6)/(8/(-360)).
3, 5
What are the prime factors of ((-50)/(-2))/(-2 - -3)?
5
Let s(o) = 3*o - 19. List the prime factors of s(14).
23
Let w be (728/(-140))/(8/(-10) + 1). Let r = -21 - 19. Let q = w - r. What are the prime factors of q?
2, 7
Let w = 39 + 51. What are the prime factors of w?
2, 3, 5
Let a be -87*-1*(2 + -3). Let f = a + 122. What are the prime factors of f?
5, 7
Suppose -14 = -2*u + 2. List the prime factors of u.
2
Suppose 2*z - 6 = -2*d, 5*z - 33 + 10 = 3*d. Let r be 1 - (3 + 5/d). Suppose 4*k + 2*m - 34 = 0, m - 22 = -r*k + 1. What are the prime factors of k?
2, 3
Suppose -89 - 178 = -3*x. What are the prime factors of x?
89
Let y = -9 + 14. Suppose y*w + 3 = 13. List the prime factors of w.
2
List the prime factors of 6 + 69/(-12) - 1270/(-8).
3, 53
Let a = -269 - -387. List the prime factors of a.
2, 59
Let i(l) = 3*l**3 - l**2. Let z be i(1). Let o = 26 - 14. Suppose 4*q = z*m - o, 2*m + 5*q - 7 = 5. What are the prime factors of m?
2, 3
Let j(h) = 45*h**3 + h**2 - 1. Let l be ((-1)/3)/((-2)/6). Let b be j(l). Suppose -5*n + b = -0*n. What are the prime factors of n?
3
Let l = 5 + -11. Let h = l + 13. What are the prime factors of h?
7
Let l be 6/(-4) + (-26)/(-4). Suppose 5*m - 2*u - 26 = 0, m + 4*u - l*u = 7. List the prime factors of m.
2
List the prime factors of 80*1*(-4)/(-10).
2
Let t = 0 - -2. Suppose -4*x + 0*x - 36 = 0. What are the prime factors of t/6 - 78/x?
3
Let q(h) = h**2 - h + 10. Suppose 35 = -5*j + 3*x, 0 - 5 = -x. Let i = -4 - j. What are the prime factors of q(i)?
2, 5
Let g = 165 + -119. List the prime factors of g.
2, 23
Let x = -22 - -47. Let o = -7 + x. What are the prime factors of o?
2, 3
Suppose -3*n = -6*n + 6. Suppose 2*m + 10 = 2*l, -n*m + 6*m - 52 = -4*l. What are the prime factors of l?
3
Let r be 2/8 + 93/12. Let x(z) = z**2 - 7*z - 1. What are the prime factors of x(r)?
7
Suppose 3*y + 152 = 2*i - 78, -3*y + 115 = i. List the prime factors of i.
5, 23
Let o be (-8)/1*2/(-4). Let t be ((-2)/o)/((-4)/(-16)). List the prime factors of 4*2 - t/(-2).
7
Let f be ((-16)/4)/(2/(-3)). Let z(a) = a**2 - 5*a - 1. What are the prime factors of z(f)?
5
Let g(s) = -s**3 + 13*s**2 - s - 6. List the prime factors of g(6).
2, 3, 5
Let y = 3 + 6. Suppose -4*u + 19 = -3*r, 0*u + u = -2*r - 9. Let c = y + r. List the prime factors of c.
2
Let d(y) = y**2 - 3*y - 2. Let m be d(4). Suppose -f = f - m. List the prime factors of f*-1*(2 + -4).
2
Suppose 0 = x + a + 48, a + 92 = -2*x - 0*a. Let n be 100/8*(-1 - 1). Let p = n - x. List the prime factors of p.
19
Let n = -18 - -5. Let x = 36 + n. List the prime factors of x.
23
Suppose -6*z + s = -2*z + 7, 9 = -3*z + 2*s. Let l(m) = -17*m. List the prime factors of l(z).
17
What are the prime factors of 10/35 - (474/7)/(-1)?
2, 17
List the prime factors of (-8)/(-2) + (52 - -3).
59
Let m be -1 + -2 + -1 + 2. Let v be (-105)/(-9) - m/(-3). Let a = v - 7. What are the prime factors of a?
2
Let j(d) = d**3 + 6*d**2 + 3*d + 1. What are the prime factors of j(-4)?
3, 7
Let g(d) = -d**3 - 12*d**2 - 11*d + 9. List the prime factors of g(-11).
3
Let z = 102 + -61. What are the prime factors of z?
41
Let g(t) = 8*t - 4*t**2 + 2*t**2 + 0 + t**2 + 2. List the prime factors of g(7).
3
Let w(p) = 16*p + 13. What are the prime factors of w(4)?
7, 11
Let s = 441 - 171. List the prime factors of s.
2, 3, 5
Let t = 11 + -18. Let j = -13 - -8. Let z = j - t. What are the prime factors of z?
2
Suppose -3*d = g + d + 1, 5*g - 19 = 4*d. What are the prime factors of g?
3
Suppose -q = -2*g, -g + 0*g + 4*q = 0. List the prime factors of g - (-65 - (-1 + -3)).
61
Suppose 5*o - 296 = 314. What are the prime factors of o?
2, 61
Let l(y) = y + 11. Let o be l(-9). Let j = 13 + o. List the prime factors of j.
3, 5
Let w(b) = 3*b + 4*b**2 - 3*b + 2*b + b**3 - 2*b**3 - 5. What are the prime factors of w(4)?
3
Let w = -2 + 8. List the prime factors of w.
2, 3
Suppose -3*a - 4*y - 21 = 12, 5*a - 4*y + 23 = 0. Let w = -7 - a. Suppose 2*g + 5*v = 1, 2*v = -w*g + g - 14. List the prime factors of g.
2
Suppose 3*i - 11 = -2. Suppose -i + 10 = w. What are the prime factors of w?
7
Suppose -15 = -6*w + 57. List the prime factors of w.
2, 3
Let f be 1/(2*3/12). Suppose p = f + 9. What are the prime factors of p?
11
Suppose 2*u + 4*s = 308, -627 = -4*u + 5*s - 2*s. List the prime factors of u.
2, 3, 13
Let w be 12*2/(-3) - -3. Let s(g) = g**2 + 9*g + 9. Let u be s(-9). Let b = w + u. List the prime factors of b.
2
Suppose -22 = 5*q - 3*f - 173, 2*q = 3*f + 55. Suppose s = -s + q. List the prime factors of s.
2
Suppose 4*h - 142 = 2*l, -2*h + 0*l = 3*l - 59. List the prime factors of h.
2, 17
Suppose 3*n - l = -3*l - 22, 5*n + 15 = l. Let z be (-2)/n*1*4. Suppose -8 = -4*s + z*s. What are the prime factors of s?
2
Let r(p) = 2*p - 6. Suppose -2*y + 4*y = 22. Let u = y - 7. List the prime factors of r(u).
2
Suppose 5*n + 2*y - 232 = 3*n, -4*n + 473 = -5*y. List the prime factors of n.
3, 13
Suppose 2*n + 52 - 4 = 0. Suppose -47 + 10 = -q. List the prime factors of q/4 + 6/n.
3
Suppose 2*g - 48 = -g. Let d = g - -30. List the prime factors of d.
2, 23
Let p(d) = -d**3 - 5*d**2 + 3*d - 6. Let o be p(-6). Let x be (-63)/(-12) - 2/8. Let n = o - x. What are the prime factors of n?
7
Suppose 2*d + 86 = -4. List the prime factors of (-1)/(3/d - 0).
3, 5
Let c(j) = -2*j + 8. Let f be (-58)/7 - 8/(-28). What are the prime factors of c(f)?
2, 3
Suppose -2 = -q, 3*q = -2*v + v + 17. Let k = -2 + -1. What are the prime factors of (-2)/k*-3 + v?
3
Suppose 4*n - w - 1 = 0, -3*n = -3*w + 1 - 4. Let d = 0 - n. Suppose d = -0*k - k + 11. What are the prime factors of k?
11
Let l(x) be the third derivative of -x**5/60 - x**4/4 + x**3 - x**2. What are the prime factors of l(-6)?
2, 3
